ctors of v?
31
Suppose -3*h = 5*v - 85, -3*h + 47 = 3*v - 2*h. Suppose 2*z - 2*x + v = 2*x, 5*z + 27 = 2*x. Let o = z + 13. What are the prime factors of o?
2
List the prime factors of (12/(-5))/((-5)/((-475)/(-2))).
2, 3, 19
Let r(m) = 2*m**2 - 3*m + 1. Let w be r(2). Suppose -3*u + 3 = 0, 2*y - 11 = y - w*u. List the prime factors of y.
2
Let b(k) = -k**3 + 11*k**2 + 7*k + 3. List the prime factors of b(8).
251
Suppose -16 = 2*o + 4*t, -2*o - 2*t - 4 = o. Let i be (-1 - -4) + 0/o. Suppose 1 = i*w - 8. What are the prime factors of w?
3
Let u(c) = -2*c. Let r be -5 + (4 - (0 - -2)). Let i be u(r). Let x = i - 2. What are the prime factors of x?
2
Suppose -2*y - 4*a + 0*a + 72 = 0, a - 37 = -y. Let x = -20 + y. List the prime factors of x.
2, 3
Suppose 5*v - 19 = -y, v - 23 = -2*y - 4*v. Suppose -y*t + 24 = -t. List the prime factors of t.
2
Let o = 2 - 0. Suppose -o*c - c = -18. List the prime factors of c.
2, 3
Let w(y) = y**2 + 6*y + 2. Let j = 3 + -9. What are the prime factors of w(j)?
2
Let y(k) = -3*k**3 - 3*k**2 - 4*k - 2. Let t be y(-2). Let q = t - 14. What are the prime factors of q?
2
Let q(m) = -m - m**2 - m + 3*m**2 - 1. Suppose 3 + 1 = -4*x. List the prime factors of q(x).
3
Suppose 3*g - 15 = -3*q, 4*g = -2*q + 6*q + 12. Suppose 5*f = 2*f - g*v - 11, 5*f + 2*v = 5. List the prime factors of f.
3
Suppose -2*n + 4*n + 8 = 0, -5*d - 5*n - 5 = 0. Let f = 5 - d. What are the prime factors of f/6 + 114/9?
13
Let p(r) = 48*r + 11. What are the prime factors of p(3)?
5, 31
Suppose 5*o - 88 = 3*s - 2*s, -9 = 3*s. Let t(q) = q**2 + 18*q - 45. Let m be t(-20). Let h = m + o. What are the prime factors of h?
2, 3
Let b = -8 - -6. Let d be 2/(1 - (-1)/b). List the prime factors of 1/d + 78/8.
2, 5
Let b be ((-2)/4)/((-2)/(-56)). Let u = -18 - -43. Let w = b + u. What are the prime factors of w?
11
Suppose 0 = 5*o - 3*o - 6. Suppose 8 = o*z + z. What are the prime factors of z?
2
Let n = -48 - 13. Let u = -30 - n. What are the prime factors of u?
31
Suppose -4*x - x + 60 = 0. What are the prime factors of (x/10)/(9/150)?
2, 5
Suppose -20 = -5*l, 5*j = -0*l + 3*l - 37. Let g = 8 + j. Suppose k - 60 = -g*k. List the prime factors of k.
3, 5
Suppose 40 = -55*l + 57*l. What are the prime factors of l?
2, 5
Suppose -2*v = 3*p - 0*v - 46, -4*p - 2*v + 58 = 0. Suppose 3*g + 3*h - p = 0, 4 = g + 3*h - h. List the prime factors of g.
2
Suppose -5*d = 61 - 21. Let r = 15 + d. Suppose -8 - r = -3*t. What are the prime factors of t?
5
Let v be 17*(-2)/(0 + -2). Suppose 4*f + 3*b = -1, -b - 4*b = 3*f + 9. Suppose -o - f*i = -2*o + v, -o + 14 = -i. List the prime factors of o.
11
What are the prime factors of (-27 - 0)*(14 - 16)?
2, 3
Let r(f) = f**2 + f - 3. Let u(t) = 2*t**2 + 3*t - 6. Let c(p) = 5*r(p) - 2*u(p). What are the prime factors of c(-4)?
17
Let b(k) = 2*k**2 - 2*k + 264. List the prime factors of b(0).
2, 3, 11
Let c(u) = -u**3 + 3*u**2 + 4*u - 6. Let r be c(4). Let i be 4/r - (-38)/3. Suppose 0 = -2*t + 4*t - i. What are the prime factors of t?
2, 3
Let z = 314 - 195. What are the prime factors of z?
7, 17
Let f(y) = 54*y + 1. Let m be f(-1). Let z = -30 - m. List the prime factors of z.
23
Let k(q) = 12*q**2 - q + 3. What are the prime factors of k(3)?
2, 3
Let p(h) = -h**2 + 11*h + 4. Let r be p(9). Let l = -7 + r. List the prime factors of l.
3, 5
Let l(x) = 2*x + 1. Let d(y) = 3*y + 1. Let p(z) = -5*d(z) + 7*l(z). Let o be p(0). Suppose i - 7 = o. List the prime factors of i.
3
Let d = -126 + -157. What are the prime factors of (-3)/18 + d/(-6)?
47
Suppose -2 - 16 = 3*x. Let s = 11 + x. List the prime factors of s.
5
Let p = -16 - -37. List the prime factors of p.
3, 7
What are the prime factors of 1/(-2 - 158/(-78))?
3, 13
Suppose -3*w + 15 = 2*w. List the prime factors of w/2*-2 - -15.
2, 3
Suppose -t - 3*p = -0*p + 8, t = -4*p - 11. Suppose -4*o + 9 = t. Suppose -3*a = o*a - 70. List the prime factors of a.
2, 7
Suppose 5*n = 3*p + 997, 9*n - 6*n + 5*p = 571. List the prime factors of n.
197
Let y(p) = 2*p - 3. Let c(b) = -8*b + 11. Let u(r) = -6*c(r) - 22*y(r). What are the prime factors of u(1)?
2
Let u(o) = o**3 + 6*o**2 + o - 4. Let i be u(-5). Let m = i + -9. What are the prime factors of m?
7
Let x = 3 + -8. Let l = x + 8. Suppose -4*v = t + t - 12, 5*t - 56 = l*v. List the prime factors of t.
2, 5
Let k(q) = 45*q**2 + 2*q + 1. Let h(w) = 179*w**2 + 9*w + 5. Let u(g) = -2*h(g) + 9*k(g). List the prime factors of u(1).
2, 23
Suppose 4*r = -4*b - 20, -5*r - 15 = -5*b - 0*b. List the prime factors of (-404)/(-44) - r/(-22).
3
Suppose 4*b - 222 = -5*p, 0 = -3*p + 8*p - 10. What are the prime factors of b?
53
Suppose 0 = -j - 2*j. Suppose j = -0*y - 2*y + 10. Suppose 2*t = -0*t + 3*h + 11, y*h = -2*t + 51. What are the prime factors of t?
13
Let f be 4/(-6)*174/4. Let z = f - -42. Suppose p + 2 = z. What are the prime factors of p?
11
Suppose 0 = 4*o - 2*n - 5 - 11, 5*o - 10 = 5*n. What are the prime factors of ((-40)/o)/(6/(-18))?
2, 5
Let y be -3*(-4)/6 + 0. Suppose -d + 52 = 2*u + 3*d, -y*u + 37 = -d. What are the prime factors of u?
2, 5
Let d = 26 - 36. What are the prime factors of 980/50 + (-4)/d?
2, 5
Suppose w + 6*o - 6 = 2*o, o - 7 = -3*w. Suppose w*i = -0*i + 20. Let d = i + -3. What are the prime factors of d?
7
What are the prime factors of 4/18 + 0 + (-3362)/(-18)?
11, 17
Let t be 1*-8*6/(-12). Suppose -3*l = w + 2 + t, 4*w = -2*l + 6. What are the prime factors of w?
3
Suppose -2*g - 24 = -3*f + g, 2*g = -10. Suppose -f*t = -8*t + 95. List the prime factors of t.
19
Let q = -91 - -169. Suppose -3*t - 3*h + 50 = 2*h, q = 5*t + 3*h. List the prime factors of t.
3, 5
Suppose 0 = 11*o - 12*o + 27. What are the prime factors of o?
3
Let x = -14 - -17. Suppose 2*f = 3*h - f + 3, -h + 5*f = 13. Suppose 3*y + 2*y - 21 = x*d, h*y = -3*d. List the prime factors of y.
3
Let l be (2 - -1)/((-3)/(-2)). Suppose l*s - 9 = -d, s + s - 2*d = 12. Suppose 3*k - 28 = -g, 2*k - s*g = 9 + 4. List the prime factors of k.
3
Let b(g) = -g**3 - 6*g**2 - 7*g - 6. Let p be b(-6). Suppose 2*f - p - 16 = 0. What are the prime factors of f?
2, 13
Let q = 34 - 12. List the prime factors of q.
2, 11
Let q = -22 + 28. List the prime factors of q/(-27)*12*-6.
2
Let k = -6 - -8. Let u = k + 9. Suppose d - 6 = u. What are the prime factors of d?
17
Let z be 88/24*(-2 + -1). Let t = z + 18. What are the prime factors of t?
7
What are the prime factors of (4/8)/((-3)/(-180))?
2, 3, 5
Suppose 11*m = 7*m + 184. Let k = 77 - m. List the prime factors of k.
31
Let o = -7 - -12. Suppose y = -0*y + o. List the prime factors of y.
5
Suppose -3 = 5*s - 18, 2*k = 5*s - 31. Let x(m) = -m**2 - 9*m + 1. Let n be x(-5). Let h = n + k. List the prime factors of h.
13
Let f(b) = 2*b + 6. Let g be f(-12). Let z = g - -34. List the prime factors of z.
2
Let p = 6 - 3. Suppose 19 = p*n - 2*n + 2*j, 0 = 3*j - 3. What are the prime factors of n?
17
Let v = 2 + -5. Let f be (2 - 1) + 4 + v. Suppose -5*d + 39 = 2*c, -f*c - 14 = -3*c + 3*d. What are the prime factors of c?
17
Suppose -3*d + 102 = -5*r, 2*r + 5*d + 52 = -2*r. List the prime factors of (-210)/r - 4/6.
11
Let g(s) = 34*s**2 - 2*s + 2. List the prime factors of g(1).
2, 17
Let p = 4 + -2. Suppose 5*u - 413 = -p*u. List the prime factors of u.
59
Let u(h) = h**2 - 4*h + 5. Let n be u(4). Suppose 2*l = n + 3. What are the prime factors of l?
2
Let z(h) = h**3 - 12*h**2 + 12*h - 15. Let l be z(11). Let c(d) = d**3 + 6*d**2 + 7*d + 4. What are the prime factors of c(l)?
2
Let f = -23 + 51. List the prime factors of f.
2, 7
Let w(k) = 2*k**2 + 3*k**2 - 2*k**2 + 1 - 2*k**2 - 9*k. List the prime factors of w(10).
11
Let z(j) = j**2 + 3*j + 21. What are the prime factors of z(-5)?
31
Let h = 97 - 64. What are the prime factors of h?
3, 11
Let a(d) = d**3 - 5*d**2 - 4*d - 2. Let x(q) = -q**3 + 10*q**2 + 13*q - 16. Let b be x(11). Let p be a(b). Suppose -4*o - o = -p. List the prime factors of o.
2
Let m = -78 - -189. What are the prime factors of m?
3, 37
Let a(m) = -10*m - 16. Let y(r) = -21*r - 33. Let l(q) = 13*a(q) - 6*y(q). What are the prime factors of l(-5)?
2, 5
Let u be 1*-20*4/10. Let d = -4 - u. Suppose 0 = d*q - 28 - 44. List the prime factors of q.
2, 3
Let q(s) = -s**3 + 31*s**2 - 22*s + 33. List the prime